 5*n - s = -5. Is ((-7836)/24)/(1*n/2) a composite number?
False
Let g(t) be the second derivative of 185*t**4/12 - 10*t. Let d = -1 - -2. Is g(d) prime?
False
Let j = 25 + -25. Suppose 6*b - 3*b - 3621 = j. Is b composite?
True
Let z(v) = -305*v**3 + 10*v**2 + 19*v + 57. Is z(-4) a composite number?
False
Suppose -2*c - 3*v - 3 = 0, 2*c = -5*v + 1 - 6. Suppose 3 = i - c*i. Suppose 0 = i*t + 70 - 1081. Is t a composite number?
False
Let x(w) = 10*w - 13 + 4*w**2 - 4*w**2 + 0*w**2 - 8*w**2 + 2*w**3. Is x(6) a composite number?
False
Let n(s) be the third derivative of 67*s**5/120 + s**4/12 + 2*s**3/3 + 3*s**2. Let x(k) be the first derivative of n(k). Is x(1) composite?
True
Suppose 5*u - 28 = u. Let r(g) = -5*g**2 - 5. Let c be r(u). Let h = c + 543. Is h composite?
False
Let x(p) be the third derivative of -p**4/4 - 2*p**3 + 2*p**2. Let u be x(-15). Suppose u + 70 = 2*f. Is f a composite number?
True
Let o(n) = 16*n**2 - 14*n + 83. Let m be o(18). Let x = -2692 + m. Is x prime?
False
Let p = -563 - -6516. Is p composite?
False
Let x(f) = -8*f + 3. Suppose -g - 10 = -2. Is x(g) a composite number?
False
Suppose 52279 = 30*z - 149651. Is z a composite number?
True
Let i = -34 + 935. Is i composite?
True
Suppose 108*x - 105*x = 2*n - 37702, -5*n + 3*x + 94255 = 0. Is n a composite number?
True
Is 117 + 7 + 3 + -8 a composite number?
True
Suppose -3*c - 40 = -4*a + c, -a - 3*c = 10. Suppose a*n = 7*n - 742. Is n a composite number?
True
Suppose 189889 = 31*p - 24*p. Is p a prime number?
True
Let p(l) = 2*l**3 - 6*l**2 + 7*l - 4. Let m(s) = -12 + 10*s**2 + 2*s - s**3 + 0*s**3 + 8 - 11. Let d be m(10). Is p(d) composite?
False
Let r be 2/3*(-3)/2 - 1. Is (-6 - r) + (-2085)/(-3) prime?
True
Suppose 21 = 3*a + 9. Let z be (a/(-10))/(1/(-5)). Suppose 4*n - 28 = z*n. Is n a composite number?
True
Let l = 7 - 3. Let p(s) = -3*s - 9. Let t be p(-5). Suppose l*v = t + 38. Is v a prime number?
True
Suppose -33*t + 179568 + 18663 = 0. Is t composite?
False
Suppose 5*w - 4949 = -5*s + 3306, -4*s = 3*w - 6608. Suppose 4*c + s = 9*c. Is c prime?
True
Let b = 18 - 20. Is b/5 - (-9501)/15 composite?
True
Is 4621*((5 - 1) + -5)*-2 a prime number?
False
Let z(q) = -3*q + 2. Let u be z(-4). Let x = -25 - -29. Suppose 2*w = -3*o + u, -x*w + 4*o + 56 = 3*o. Is w a prime number?
True
Suppose -z + 4 = v + 2*v, 2*z = 2*v + 8. Suppose 2*l - 3*g - 918 + 203 = 0, v = 4*l + 4*g - 1440. Is l prime?
True
Let g(z) = -z**3 - 2*z**2 + 6*z + 4. Let x be g(-4). Let n(t) = 19*t + 11. Is n(x) composite?
False
Let c(n) = 398*n**2 + n - 2. Let x be -6*8/(-12) - 1. Let v = x + -2. Is c(v) prime?
True
Suppose -3*m = 4*u - 425 - 220, 680 = 4*u - 4*m. Suppose -6*o + 507 = u. Is o a prime number?
False
Let b = 163 + -116. Suppose -g + b = -204. Is g prime?
True
Let n be -3*(-2)/4*2. Suppose -2*f - 521 = -n*f. Is f a composite number?
False
Let m(z) = 493*z**2 - 3*z - 2. Let c be m(-1). Let y = c - 322. Suppose 3*t - y = t. Is t a composite number?
True
Suppose 5*m + 2081 + 1989 = 0. Let f = m - -1307. Is f a composite number?
True
Suppose 7636 - 103241 = -5*t. Is t prime?
True
Suppose -13*z + 1005 = 1044. Suppose b = -2*b + y + 1994, -3*y + 1311 = 2*b. Is b/(-26)*14/z prime?
False
Let i(p) = p**3 + 2*p**2 - 4*p - 2. Let s be i(-3). Let y(z) = s - 2 + 2*z + 55*z**2 + z - 2*z. Is y(-3) composite?
False
Suppose -3*n + 8*n - 2*o = 23341, 23344 = 5*n - 3*o. Is n composite?
True
Let h be 3 - (-897)/9 - 4/6. Suppose 0 = -2*z + 5*z - 507. Let k = z - h. Is k composite?
False
Let q(y) = -6*y**3 - 9*y + 9. Let s(d) = 6*d**3 - d**2 + 8*d - 9. Let h(i) = 3*q(i) + 4*s(i). Is h(4) a prime number?
True
Let p = 4399 - -2148. Is p composite?
False
Suppose 6 = 3*c, -37783 - 5030 = -t + 4*c. Is t a prime number?
True
Let h(b) = 2*b**3 - 16*b**2 + 24*b - 5. Is h(9) prime?
True
Let d = -26 + 18. Let m be (d + 3)/(1 - 2). Is 10 + -9 - -1*m prime?
False
Suppose 12*j - 35 = 7*j. Suppose -5*f = -j*f + 404. Is f a prime number?
False
Suppose -4*x + 42897 = 5*w, -2*w + 4*x - 7*x + 17156 = 0. Is w a prime number?
True
Is 7/(714/12) - 25443/(-51) a composite number?
False
Suppose 23691 = 5*d - 14114. Is d composite?
False
Is (-2)/(19/((-593864)/16)) a composite number?
False
Suppose -x = -17*q + 13*q - 989, 2*x - 2*q = 2008. Is x a composite number?
False
Let m(l) = l - 1 - 5*l**2 - l**2 + 3*l**2 + 4*l**2. Let r be m(-8). Suppose 8 = -2*f, d + 3*f - r = -8. Is d a composite number?
False
Let c = -37 + 57. Let m be 4/(-20) - (-104)/c. Suppose -2*h - b = 3*b - 178, 3*h - 268 = -m*b. Is h composite?
True
Let s be 2 - (-4 + 3) - (1 + 2). Suppose -51*b + 49*b + 5034 = s. Is b a prime number?
False
Let h = 15 + -13. Suppose 70 - 500 = -h*j. Suppose 5*y - 5*z - 592 = 408, 0 = -y - 4*z + j. Is y composite?
True
Suppose 3*f - 4*g - 753 = 0, 2*f + 3*g - 295 = 207. Is f composite?
False
Let g = -166 + 112. Let r = 20 + -109. Let p = g - r. Is p a composite number?
True
Let w = 95 + -91. Suppose k - 82 = 3*b - 4*b, -w*k = 0. Is b a prime number?
False
Let i = 4242 + -2141. Is i a composite number?
True
Suppose -3*s = 4*x - 89351, 3*s - 57581 - 31766 = -5*x. Is s a composite number?
False
Let z(d) = 932*d - 3. Is z(16) prime?
False
Let h(k) = 1 - k + k + 17*k**2 + 0*k - 5*k. Let x(m) = -m**3 + 4*m**2 + 4*m + 1. Let g be x(5). Is h(g) a composite number?
False
Suppose -2038 = -2*u + 2168. Is u composite?
True
Let d = 87271 - 50118. Is d a composite number?
True
Let m be (24/(-15))/(-2*4/120). Is m/(-156) + (-30138)/(-26) composite?
True
Suppose -3*m + 3*g + 953 = m, 4*g = -2*m + 504. Let a = 65 - m. Let q = 254 + a. Is q a prime number?
False
Let p(i) = -9*i**3 - 26*i**2 + 13*i + 17. Is p(-8) a prime number?
True
Let d be -1*(-4)/1 + -4. Suppose -5*w + 337 + 58 = d. Let a = w - -142. Is a a composite number?
True
Let i(y) = -13778*y - 89. Is i(-12) a prime number?
True
Let r be -8*12/16*-2810. Let q be (36/15)/((-18)/r). Is q/(-5) + (-12)/20 composite?
False
Suppose 5*g - 15672 = 2*k, g - 3*k - 840 - 2284 = 0. Suppose -3*u = -g - 317. Is u prime?
True
Let u be 10/(-55) - 1660/(-55). Let z be 7/(-2) - (-2)/(-4). Let c = z + u. Is c composite?
True
Let f(w) = -3*w**2 + 4*w + 19. Let y be f(9). Let m = 454 + y. Suppose -5*c = -3*h - 0*c + 150, -5*h + 3*c + m = 0. Is h a composite number?
True
Let u(k) = 2*k. Let z be u(1). Let f be z/11 - 260288/(-88). Is 14/(-49) - f/(-14) prime?
True
Let v(x) = 216*x**2 - 14*x + 36. Is v(7) a composite number?
True
Let x(f) = f**3 + 16*f**2 + 4*f + 22. Let m(y) = -y**3 - 14*y**2 - y - 29. Let q be m(-14). Is x(q) a composite number?
True
Let o = -38864 - -57855. Is o composite?
True
Let v be 4/(-6) + (-14)/(-3). Suppose v*p = -g + 2438, -2*g + 4*p + 4928 = -p. Suppose -1 = u, 5*k - g = -u + 2560. Is k a prime number?
False
Let u(a) = -99*a - 23. Let m be u(-8). Suppose -5*i + m = -336. Is i composite?
True
Let b = -8546 + 11979. Is b prime?
True
Suppose -3*g + 6*g = -636. Let t = g + 913. Is t composite?
False
Is (-1)/(-5) + (-80038)/(-35) a composite number?
False
Let s(t) = -2*t**2 - 44*t + 4. Let q be s(-22). Suppose 2*m - 7729 = -3*b + q*m, b = -5*m + 2599. Is b a composite number?
False
Is (-27)/63 + 38/7 + 444 prime?
True
Suppose 51*v = 66*v - 645. Is v a composite number?
False
Let h = 100 + -12. Suppose 4*y - 756 = -h. Let o = y - 109. Is o composite?
True
Let p(n) = 68*n**2 - 4*n + 8. Let w be p(3). Suppose -w = 2*t - 2502. Is t composite?
False
Let o(a) = -a**3 - 3*a**2 - 2*a + 7019. Is o(0) composite?
False
Let k(z) = 2*z**2 + 2*z. Let t be k(-1). Suppose 0 = -n - 5*q + 53, t = -5*n - 0*n + 4*q + 265. Is n a composite number?
False
Suppose 9963 + 7167 = -3*q. Is 1*(q/(-2))/5 a composite number?
False
Let h(v) = -44*v - 18. Let b be h(-16). Suppose 4*l - b = 2166. Is l a composite number?
True
Let q be ((-5844)/(-21))/((-4)/(-14)). Let n = 1547 - q. Suppose 2*u + u - n = 0. Is u a prime number?
True
Suppose -a = -4*a - 393. Let h be a/(20/(-12) - -2). Let p = h + 660. Is p prime?
False
Suppose 56*u + 1132893 = 83*u. Is u a composite number?
False
Is 25 - 26 - 5668/(-1) a composite number?
True
Suppose 5*k - 3776 = 4*k - 5*d, -k - d + 3788 = 0. Is k prime?
False
Let z = -1037 - -581. Let u = 809 + z. Is u prime?
True
Suppose 8*i - 18882 - 886 = 0. Is i prime?
False
Let y = -1 + 10. Sup